 divide 208352?
True
Does 47 divide 392831?
False
Is 11586582 a multiple of 10?
False
Is 1364828 a multiple of 34?
True
Is 14 a factor of 1164663?
False
Does 28 divide 3096464?
True
Is 1070 a factor of 4583907?
False
Is 610837 a multiple of 15?
False
Is 130 a factor of 490647?
False
Is 5243 a multiple of 49?
True
Is 46 a factor of 505310?
True
Is 5417371 a multiple of 118?
False
Is 50400 a multiple of 84?
True
Is 168006 a multiple of 51?
False
Is 58 a factor of 2333316?
False
Does 109 divide 1041277?
True
Is 547669 a multiple of 20?
False
Does 72 divide 130392?
True
Is 17 a factor of 354909?
True
Does 152 divide 33867576?
True
Is 8 a factor of 6119?
False
Is 547904 a multiple of 28?
True
Is 1673537 a multiple of 175?
False
Is 65167 a multiple of 47?
False
Does 46 divide 585764?
True
Does 242 divide 969487?
False
Is 21 a factor of 4600846?
False
Is 1182546 a multiple of 54?
True
Does 984 divide 1859280?
False
Does 2 divide 238027?
False
Does 19 divide 325972?
False
Is 209 a factor of 371633?
False
Is 2115488 a multiple of 8?
True
Does 117 divide 5906745?
True
Is 188 a factor of 1808936?
True
Is 55 a factor of 56595?
True
Is 16 a factor of 97824?
True
Is 89 a factor of 1733898?
True
Is 5378220 a multiple of 16?
False
Is 9 a factor of 777486?
False
Does 195 divide 142610?
False
Does 25 divide 44725?
True
Does 64 divide 5023982?
False
Is 728100 a multiple of 18?
True
Is 85 a factor of 2274260?
True
Is 4139 a multiple of 79?
False
Does 6 divide 165766?
False
Is 11 a factor of 18077?
False
Does 5 divide 106762?
False
Is 313 a factor of 1827920?
True
Is 108504 a multiple of 11?
True
Is 2428713 a multiple of 63?
True
Is 175215 a multiple of 600?
False
Does 345 divide 2499180?
True
Is 5 a factor of 17605?
True
Is 39 a factor of 90090?
True
Is 119 a factor of 35462?
True
Does 49 divide 841764?
False
Does 54 divide 386264?
False
Is 66023 a multiple of 65?
False
Does 5 divide 686925?
True
Is 9669 a multiple of 3?
True
Is 284189 a multiple of 23?
False
Is 241331 a multiple of 647?
True
Is 718 a factor of 9873936?
True
Is 2047374 a multiple of 10?
False
Is 1226787 a multiple of 239?
True
Is 1330 a multiple of 10?
True
Does 83 divide 613453?
True
Is 18349254 a multiple of 77?
True
Does 65 divide 865305?
False
Is 3 a factor of 5694?
True
Does 238 divide 8292375?
False
Is 48 a factor of 18381?
False
Is 400282 a multiple of 5?
False
Does 26 divide 19960928?
True
Is 251504 a multiple of 2?
True
Is 13 a factor of 12744247?
False
Is 234 a factor of 62010?
True
Is 18 a factor of 43683?
False
Is 3725672 a multiple of 508?
True
Is 27603 a multiple of 302?
False
Is 16 a factor of 13336198?
False
Is 1073573 a multiple of 15?
False
Does 22 divide 321747?
False
Is 12 a factor of 232283?
False
Is 84 a factor of 269804?
False
Does 18 divide 282727?
False
Is 10 a factor of 320040?
True
Is 12 a factor of 1687822?
False
Does 148 divide 3989044?
True
Does 29 divide 2012781?
False
Does 66 divide 1333922?
False
Does 548 divide 178648?
True
Is 14 a factor of 3459983?
False
Does 50 divide 12346900?
True
Is 161 a factor of 20297748?
False
Does 13 divide 3159?
True
Is 20 a factor of 13198122?
False
Does 22 divide 21786094?
True
Is 3407160 a multiple of 60?
True
Is 161980 a multiple of 52?
True
Does 22 divide 459370?
False
Is 61 a factor of 68322?
False
Is 65806 a multiple of 5?
False
Does 882 divide 7055118?
True
Is 29 a factor of 82563?
True
Is 1126 a factor of 3849794?
True
Is 131634 a multiple of 9?
True
Is 24 a factor of 43843?
False
Is 51 a factor of 28866?
True
Is 50286 a multiple of 491?
False
Is 676476 a multiple of 57?
True
Is 103140 a multiple of 36?
True
Is 10858927 a multiple of 18?
False
Is 148738 a multiple of 51?
False
Is 18 a factor of 11233006?
False
Does 12 divide 309707?
False
Is 258 a factor of 17544?
True
Is 11 a factor of 4490475?
True
Does 12 divide 56148?
True
Is 132120 a multiple of 194?
False
Is 183896 a multiple of 127?
True
Is 46 a factor of 4359?
False
Does 427 divide 934703?
True
Is 386 a factor of 1593022?
True
Is 40 a factor of 140880?
True
Is 105 a factor of 344295?
True
Does 12 divide 14097?
False
Does 41 divide 1418894?
False
Is 589610 a multiple of 70?
True
Is 90382 a multiple of 186?
False
Does 16 divide 97824?
True
Is 1523219 a multiple of 29?
False
Is 925552 a multiple of 11?
False
Does 101 divide 21073055?
False
Does 110 divide 1971298?
False
Does 33 divide 21912?
True
Is 192 a factor of 239808?
True
Does 487 divide 641866?
True
Is 163376 a multiple of 8?
True
Is 6 a factor of 863124?
True
Does 76 divide 702413?
False
Is 15 a factor of 368143?
False
Is 9 a factor of 1633842?
True
Does 15 divide 1274655?
True
Does 74 divide 683612?
True
Is 86178 a multiple of 53?
True
Is 50 a factor of 1097382?
False
Does 2 divide 288031?
False
Does 147 divide 766335?
False
Does 4 divide 5239?
False
Is 25 a factor of 1677700?
True
Is 1115 a factor of 12759524?
False
Does 832 divide 20512414?
False
Does 851 divide 552733?
False
Is 48269 a multiple of 47?
True
Is 3 a factor of 47160?
True
Is 5 a factor of 39250?
True
Is 19 a factor of 4600888?
True
Is 112 a factor of 1364681?
False
Is 385654 a multiple of 27?
False
Is 13984 a multiple of 19?
True
Is 12657 a multiple of 2?
False
Is 13 a factor of 99047?
True
Is 18 a factor of 5901282?
True
Is 46 a factor of 141634?
True
Is 14 a factor of 117838?
True
Is 82 a factor of 120678?
False
Does 811 divide 452924?
False
Does 15 divide 3006484?
False
Is 48807 a multiple of 9?
True
Is 287 a factor of 11313827?
True
Is 9 a factor of 410553?
True
Is 214 a factor of 270496?
True
Is 697 a factor of 960466?
True
Is 29 a factor of 49124?
False
Does 1005 divide 4148640?
True
Is 46 a factor of 2050513?
False
Is 427 a factor of 8685995?
False
Does 102 divide 571404?
True
Is 32184 a multiple of 12?
True
Does 24 divide 81692?
False
Does 239 divide 791807?
True
Is 51 a factor of 2911249?
False
Is 69 a factor of 1668558?
True
Is 27 a factor of 505435?
False
Does 67 divide 3664297?
True
Is 581699 a multiple of 153?
False
Does 47 divide 257985?
False
Is 292 a factor of 1272244?
True
Is 30 a factor of 12300?
True
Is 21 a factor of 4802973?
True
Does 46 divide 95358?
True
Does 188 divide 1046699?
False
Is 60 a factor of 21780?
True
Is 345281 a multiple of 439?
False
Is 115486 a multiple of 44?
False
Is 2049625 a multiple of 475?
True
Does 170 divide 135343?
False
Is 6 a factor of 173273?
False
Is 4 a factor of 1256500?
True
Is 797592 a multiple of 15?
False
Is 184 a factor of 10287003?
False
Is 184101 a multiple of 195?
False
Is 49 a factor of 856221?
False
Is 36 a factor of 8550216?
True
Is 13610940 a multiple of 322?
True
Is 4 a factor of 113227?
False
Is 23 a factor of 2924454?
False
Is 59 a factor of 625083?
False
Is 21 a factor of 319626?
False
Is 167 a factor of 4287266?
False
Does 27 divide 195156?
True
Is 12 a factor of 138329?
False
Is 11490 a multiple of 55?
False
Is 3950496 a multiple of 44?
True
Does 34 divide 82743?
False
Is 1658880 a multiple of 640?
True
Is 34770 a multiple of 6?
True
Is 38 a factor of 777356?
False
Does 26 divide 82215?
False
Is 88099 a multiple of 98?
False
Does 2 divide 261577?
False
Is 32 a factor of 61280?
True
Does 289 divide 918442?
True
Is 411 a factor of 463197?
True
Is 50 a factor of 805150?
True
Is 19169356 a multiple of 74?
False
Is 99 a factor of 559860?
False
Is 660715 a multiple of 3?
False
Does 3 divide 661200?
True
Is 94606 a multiple of 2?
True
Does 152 divide 602173?
False
Is 5346315 a multiple of 19?
True
Is 16 a factor of 99750?
False
Does 112 divide 266928?
False
Is 473 a factor of 1210673?
False
Does 13 divide 455273?
True
Is 209272 a multiple of 808?
True
Is 73 a factor of 12337?
True
Is 116670 a multiple of 223?
False
Does 112 divide 143808?
True
Is 1870297 a multiple of 143?
True
Is 40 a factor of 532800?
True
Does 404 divide 893103?
False
Does 44 divide 4539348?
True
Does 27 divide 51370?
False
Is 73 a factor of 121472?
True
Is 257 a factor of 347207?
True
Is 23 a factor of 897?
True
Is 243 a factor of 221373?
True
Is 5194410 a multiple of 30?
True
Does 271 divide 1720850?
True
Is 617299 a multiple of 139?
True
Is 30288 a multiple of 6?
True
Is 350863 a multiple of 17?
True
Is 56 a factor of 86632?
True
Does 5 divide 24016?
False
Is 7152 a multiple of 447?
True
Is 244223 a multi